{"id":54,"date":"2016-06-16T19:18:31","date_gmt":"2016-06-16T19:18:31","guid":{"rendered":"http:\/\/newtonfreiremaia.com.br\/?page_id=54"},"modified":"2026-04-14T17:48:34","modified_gmt":"2026-04-14T17:48:34","slug":"inscricoesmatriculas","status":"publish","type":"page","link":"https:\/\/newtonfreiremaia.com.br\/","title":{"rendered":"INGRESSO NO CEEP NEWTON FREIRE MAIA"},"content":{"rendered":"\n<p class=\"has-text-align-center\">Os nossos cursos s\u00e3o integrados ao Ensino M\u00e9dio, n\u00e3o possu\u00edmos ensino fundamental (6\u00ba ao 9\u00ba ano).<br><br>O ingresso em nosso col\u00e9gio at\u00e9 o ano de 2026 ocorreu por meio de um processo seletivo, destinado a alunos que tenham conclu\u00eddo ou estejam finalizando o Ensino Fundamental, ou que estejam cursando o 1\u00ba ano do Ensino M\u00e9dio.<\/p>\n\n\n\n<p class=\"has-text-align-center\">Geralmente a partir do m\u00eas de agosto, iniciamos a pr\u00e9 inscri\u00e7\u00e3o atrav\u00e9s deste mesmo site. <\/p>\n\n\n\n<p class=\"has-text-align-center\">IMPORTANTE RESSALTAR QUE SEGUIMOS ORIENTA\u00c7\u00d5ES DA SEED\/PR e o formato de ingresso 2027 poder\u00e1 ser alterado.<\/p>\n\n\n\n<p>        O outro formato de ingresso \u00e9 atrav\u00e9s de transfer\u00eancia que seja do MESMO CURSO, com a mesma matriz.<\/p>\n\n\n\n<h2 class=\"wp-block-heading\">PERGUNTAS SOBRE O INGRESSO<\/h2>\n\n\n\n<div class=\"wp-block-group\"><div class=\"wp-block-group__inner-container is-layout-constrained wp-block-group-is-layout-constrained\"><\/div><\/div>\n\n\n\n<details class=\"wp-block-details is-layout-flow wp-block-details-is-layout-flow\"><summary>Estou no segundo ano do ensino m\u00e9dio regular ou de um curso t\u00e9cnico diferente, posso pedir transfer\u00eancia para o CEEP Newton Freire Maia?<\/summary>\n<p>N\u00e3o, precisa participar do processo seletivo e obrigatoriamente precisa fazer os tr\u00eas anos do curso. Neste caso, reinicia o ensino m\u00e9dio conosco.<\/p>\n\n\n\n<details class=\"wp-block-details is-layout-flow wp-block-details-is-layout-flow\"><summary>Qual o custo para estudar no CEEP Newton Freire Maia?<\/summary>\n<p>O col\u00e9gio \u00e9 estadual e sendo p\u00fablico n\u00e3o h\u00e1 custo algum.<\/p>\n<\/details>\n<\/details>\n\n\n\n<details class=\"wp-block-details is-layout-flow wp-block-details-is-layout-flow\"><summary>Posso pedir internato?<\/summary>\n<p>Somente os alunos que concorrem \u00e0s vagas do Curso T\u00e9cnico em Agropecu\u00e1ria podem fazer o processo solicitando concorrer ao internato<\/p>\n<\/details>\n\n\n\n<details class=\"wp-block-details is-layout-flow wp-block-details-is-layout-flow\"><summary>Quais s\u00e3o os crit\u00e9rios de avalia\u00e7\u00e3o?<\/summary>\n<p>Os crit\u00e9rios s\u00e3o definidos pela Secretaria Estadual de Educa\u00e7\u00e3o todos os anos, mas at\u00e9 o ano de 2026 era uma somat\u00f3ria de crit\u00e9rios, como por exemplo: m\u00e9dias das notas do 6\u00ba ao 8\u00ba ano, idade escolar, nota da prova de ingresso, participa\u00e7\u00e3o em programas sociais e entrevista.<\/p>\n<\/details>\n\n\n\n<h2 class=\"wp-block-heading\">Importante a comunidade estar atenta aos comunicados postados em nosso site oficial.<\/h2>\n","protected":false},"excerpt":{"rendered":"<p>Os nossos cursos s\u00e3o integrados ao Ensino M\u00e9dio, n\u00e3o possu\u00edmos ensino fundamental (6\u00ba ao 9\u00ba ano). O ingresso em nosso col\u00e9gio at\u00e9 o ano de 2026 ocorreu por meio de um processo seletivo, destinado a alunos que tenham conclu\u00eddo ou estejam finalizando o Ensino Fundamental, ou que estejam cursando o 1\u00ba ano do Ensino M\u00e9dio. &hellip; <a href=\"https:\/\/newtonfreiremaia.com.br\/\" class=\"more-link\">Continue lendo <span class=\"screen-reader-text\">INGRESSO NO CEEP NEWTON FREIRE MAIA<\/span> <span class=\"meta-nav\">&rarr;<\/span><\/a><\/p>\n","protected":false},"author":1,"featured_media":0,"parent":0,"menu_order":0,"comment_status":"closed","ping_status":"closed","template":"","meta":{"footnotes":""},"class_list":["post-54","page","type-page","status-publish","hentry"],"_links":{"self":[{"href":"https:\/\/newtonfreiremaia.com.br\/index.php?rest_route=\/wp\/v2\/pages\/54","targetHints":{"allow":["GET"]}}],"collection":[{"href":"https:\/\/newtonfreiremaia.com.br\/index.php?rest_route=\/wp\/v2\/pages"}],"about":[{"href":"https:\/\/newtonfreiremaia.com.br\/index.php?rest_route=\/wp\/v2\/types\/page"}],"author":[{"embeddable":true,"href":"https:\/\/newtonfreiremaia.com.br\/index.php?rest_route=\/wp\/v2\/users\/1"}],"replies":[{"embeddable":true,"href":"https:\/\/newtonfreiremaia.com.br\/index.php?rest_route=%2Fwp%2Fv2%2Fcomments&post=54"}],"version-history":[{"count":149,"href":"https:\/\/newtonfreiremaia.com.br\/index.php?rest_route=\/wp\/v2\/pages\/54\/revisions"}],"predecessor-version":[{"id":1470,"href":"https:\/\/newtonfreiremaia.com.br\/index.php?rest_route=\/wp\/v2\/pages\/54\/revisions\/1470"}],"wp:attachment":[{"href":"https:\/\/newtonfreiremaia.com.br\/index.php?rest_route=%2Fwp%2Fv2%2Fmedia&parent=54"}],"curies":[{"name":"wp","href":"https:\/\/api.w.org\/{rel}","templated":true}]}}